f s and u.
5
Suppose 169*j - 160*j = 1125. Calculate the highest common divisor of j and 225.
25
Let f be 1/5 + (-29)/(-5). Let n = 221 - 209. Calculate the highest common factor of n and f.
6
Suppose -2*m + 28 = -8. Suppose m*p + 244 = 14*p. Let v = -36 - p. Calculate the highest common divisor of 10 and v.
5
Let c(w) be the first derivative of -w + 9/2*w**2 + 9 - 1/3*w**3. Let m be c(8). Calculate the highest common divisor of 28 and m.
7
Let t = 61 - 58. Suppose -93 = -t*o + 42. What is the greatest common divisor of o and 60?
15
Let j be 11/((-88)/(-900)) - 1/2. Calculate the highest common factor of 16 and j.
16
Suppose -15*l + 36*l = 861. Let u(t) = 114*t**2 - 2*t - 1. Let b be u(2). What is the greatest common factor of l and b?
41
Let c be ((-7)/2)/(3/(-6)). Let s = -1821 - -1898. What is the greatest common factor of c and s?
7
Let a = 412 - 220. Suppose -p + a = 3*p. Let d(o) = o**2 - 4*o + 11. Let j be d(3). Calculate the highest common factor of j and p.
8
Suppose 2*x = -2*g + 4*x + 4, -2*x = 0. Calculate the greatest common divisor of g and 50.
2
Let l(v) = 4*v**3 - 2*v**2 - 6*v + 4. Let t be l(6). Calculate the highest common factor of 40 and t.
40
Let o = 15 + -1. Suppose -u - 490 = -6*u. What is the greatest common factor of u and o?
14
Let m = -521 - -807. Calculate the highest common divisor of 26 and m.
26
Suppose -35*r + 68 = -2. Let d be ((-1)/(-1))/(3/354). Suppose 0 = -3*u - 5*j + d, -2*u + 0*j + r*j = -68. Calculate the highest common factor of u and 9.
9
Suppose 17 = -4*s + 2*v + 109, -62 = -3*s + 5*v. Let k = -103 + 175. What is the highest common factor of s and k?
24
Let k be (14/3)/(6/27). Suppose 0 = 3*m - 0*m - k. Suppose -90 = 4*j - m*j. Calculate the greatest common divisor of j and 5.
5
Let v(n) = -n**3 - 8*n**2 - 8*n + 13. Let s be v(-7). Calculate the highest common divisor of 460 and s.
20
Suppose 106 + 47 = 17*q. Calculate the greatest common factor of 9 and q.
9
Suppose -5*q - 5*t + 3 = -27, 5*q - 4*t + 6 = 0. Suppose q*k + 2*k = 76. Suppose k + 61 = 4*r. Calculate the highest common factor of 30 and r.
10
Let m = 12 - -8. Let z be (-3)/(-5) + (-94)/(-10). What is the greatest common factor of m and z?
10
Suppose 63*h + 1998 = 72*h. What is the greatest common divisor of h and 74?
74
Let x(n) = -n**2 + 8*n - 12. Let l be x(4). Let s be (1*12)/(-3 + l - 0). Calculate the highest common divisor of s and 84.
12
Suppose -5*c - 8*c + 39 = 0. Let o(t) = -2*t + 6 + t**2 + 5*t - 2*t**2. Let y be o(c). Calculate the greatest common factor of 54 and y.
6
Let m = 1563 + -268. Calculate the highest common divisor of m and 35.
35
Suppose -10 = 5*d, -4*f - 4*d + 0*d = 8. Suppose -4*b + f*b + 5*z + 111 = 0, 4*z - 149 = -5*b. Calculate the greatest common divisor of b and 87.
29
Suppose -127 = -4*d + 13. Let j = 15 + -14. Suppose -j = 2*l - 5, 3*l = -2*q + 16. What is the greatest common factor of d and q?
5
Suppose -11*v + 13*v + 673 = 5*x, -129 = -x - v. What is the highest common divisor of 247 and x?
19
Let f(w) = -w**3 + 84*w**2 + 175*w - 252. Let y be f(86). Let l = 5 - 1. Suppose 0 = -l*k + 11 + 61. What is the greatest common divisor of k and y?
6
Let y(p) be the first derivative of 2*p**3/3 - p**2 - 28*p - 49. Let j be y(6). Let l = -286 - -446. What is the highest common factor of j and l?
32
Suppose -3*s + 2780 = 2*i + 687, -4*i + 5*s + 4241 = 0. Suppose -3*a - 10 = -4, 5*b = 2*a + i. Let q = 35 - 5. What is the highest common factor of q and b?
30
Let k = -29 - -49. Suppose 0 = 5*o - 4*l - 38, -12 = -3*o - l + 4. Let y be (-2)/(o/(-20)*(-36)/(-27)). Calculate the greatest common factor of y and k.
5
Let o be (-2)/(3/114*-4). Suppose -5*g - 215 = -6*g + 3*v, -g - v + 207 = 0. Calculate the highest common factor of o and g.
19
Suppose j - 5 + 0 = 0. Let w(l) = 186*l**2 - 4*l + 22*l**2 + j*l. Let v be w(1). Calculate the highest common divisor of 19 and v.
19
Suppose 3*b + 9 = -9. Let j be 3/(b - -3) - -2 - 0. Calculate the greatest common divisor of j and 9.
1
Suppose y + q - 27 = 0, 1 = 2*q - 5. Suppose n = -n. Suppose -6 = -2*a, n*t - 2*a = 4*t - 54. Calculate the greatest common divisor of t and y.
12
Let x be (-6)/(-12) + 47*1/2. Calculate the highest common divisor of x and 540.
12
Let b be -2 - (-4)/(-4 - -5). Suppose b*d + 2*a + 3*a = 28, -3*a = -12. Calculate the greatest common divisor of d and 8.
4
Suppose -46 = 6*k + 44. Let d = k - -26. Calculate the greatest common divisor of 1 and d.
1
Let y = -1517 - -3061. Suppose -4*m + y - 224 = 0. Let n be m/9*3/2. Calculate the greatest common factor of n and 5.
5
Let y be 1/1*(36 + -23). Calculate the greatest common factor of y and 559.
13
Let u(q) = 72*q + 33. Let c be u(8). Suppose -3*v + 3*y + c = 0, -2*v + 192 = -5*y - 199. What is the highest common divisor of v and 16?
16
Let x = -25 + 5. Let k = -2 - x. Calculate the greatest common divisor of k and 18.
18
Suppose -6 = 3*y + 6. Let h be 0 + 24 + (-2 - y). What is the highest common factor of 65 and h?
13
Let t(w) = -2*w - 12. Let o be t(-8). Suppose -60 = o*d - 0*d. Let n = 1 - d. Calculate the greatest common factor of 40 and n.
8
Let i be (-2)/4 - (-69)/(-6). Let n be ((-20)/(-6))/(i/(-126)). Suppose 0*r + 4*u = -3*r + 33, -2*u + 6 = 0. Calculate the greatest common divisor of r and n.
7
Suppose 19*z - 31*z + 11316 = 0. Calculate the highest common divisor of z and 82.
41
Let d = -69 + 189. What is the highest common factor of d and 3?
3
Let j be (-66)/8*3/(3/(-20)). Let n be (-12)/(-8) + (-54)/(-8)*2. What is the greatest common factor of j and n?
15
Suppose 2*a - 68 = -2*z, -4*a - 5*z + 82 = -58. Let q = a - -74. What is the greatest common factor of q and 13?
13
Let l be -3 + 1 - -6 - (-1)/(-1). Let a be (18/(-14))/l + (-260)/(-35). Calculate the highest common divisor of 49 and a.
7
Let h be (-7)/4*(-48 + (4 - 8)). What is the highest common divisor of 13 and h?
13
Let j = 69 + -70. Let p be 12/(1 - j/2). Let g(i) = 7*i - 9. Let h be g(7). Calculate the highest common divisor of h and p.
8
Let p(k) = k**2 + 2*k. Suppose 5*c = -1 - 9. Let u be p(c). Suppose u*r + r = 9. Calculate the highest common factor of r and 72.
9
Suppose -9*m + 0*m = 117. Let s = 11 - m. Calculate the greatest common divisor of s and 48.
24
Let f(b) = -b**3 + 15*b**2 + 59*b - 25. Let y be f(18). Calculate the highest common factor of 741 and y.
13
Let l = -822 + 561. Let a = l - -432. Let j(y) = 19*y**2 + y + 1. Let i be j(-1). What is the highest common factor of a and i?
19
Let y = -124 - -259. Suppose 5*i = y + 45. Suppose 0 = -f - 1, 0 = 2*g - g - 3*f - 21. Calculate the greatest common factor of g and i.
18
Suppose -11*s + 10*s - 5 = 0. Let u be (-2)/s + 76/10. Suppose -2*v = -24 - u. What is the highest common divisor of 64 and v?
16
Let v = -165 + 361. What is the highest common divisor of 28 and v?
28
Suppose -46 = 2*s - 50. Calculate the greatest common factor of s and 10.
2
Let a(h) = -8*h**2 - 26*h + 10. Let r be a(-6). Let x = -45 - r. What is the highest common factor of 22 and x?
11
Let l = 664 - 294. Calculate the greatest common factor of l and 10.
10
Let l(n) = n**2 - 7*n + 12. Let m be l(5). Suppose m*z - 66 = -z. What is the greatest common factor of 33 and z?
11
Let v(r) = r**3 - 7*r**2 + 8*r + 7. Let l be v(6). Suppose -14*p = -l - 37. Calculate the highest common factor of p and 36.
4
Let i = -34 - -40. Suppose 4 = -i*h + 4*h. Let j be h/(261/(-255) + 1). What is the greatest common divisor of 34 and j?
17
Suppose -3*d = -5*c - 539, 4*d + 2*c = 3*d + 165. Let t = 523 - d. Calculate the greatest common factor of 35 and t.
35
Let u be ((-39)/(-1))/13 - -375. Calculate the highest common factor of u and 630.
126
Let w = 44 - -19. Let y = w - 59. What is the greatest common divisor of y and 16?
4
Suppose -72*c + 114 = -66*c. Calculate the greatest common divisor of 4 and c.
1
Let b = 940 + -342. What is the highest common divisor of b and 26?
26
Suppose -5*s = -66 - 39. Calculate the highest common factor of s and 21.
21
Let h = 6 + -4. Let p(x) = -14*x + 21. Let m(i) = 7*i - 11. Let c(w) = -11*m(w) - 6*p(w). Let y be c(h). What is the greatest common divisor of y and 1?
1
Let p = -17 + 47. Let h be -5*(-2 + 1) + p/(-10). Let m(s) = s**2 - s - 3. Let g be m(3). What is the greatest common divisor o